 the third derivative of -a**6/120 - a**5/15 + a**4/6 + 7*a**3/6 + 4*a**2 - 25*a - 128. Suppose 0 = 6*q - 2*q + 20. Give p(q).
12
Let r(z) = -z**3 + 8*z**2 + 7*z - 1. Suppose 32 = 3*x - 5*y, 2*x - 13*y = -10*y + 21. Determine r(x).
-19
Let q(r) be the first derivative of -r**3/3 + 5*r**2/2 + 5*r - 88. Suppose -2*h + 4 - 24 = 0. Let w be ((-4)/(-5))/(h/(-75)). Give q(w).
-1
Let v(d) = -125*d + 119. Let k be v(1). Let t(x) = -x**3 - 6*x**2 + 7*x + 35. Determine t(k).
-7
Let s(w) = 5*w**2 - 4*w - 5. Suppose 2*z - 5*l = -12 + 8, l = z + 2. Determine s(z).
23
Let q(y) be the third derivative of 0*y + 272*y**2 - 1/60*y**5 + 0 + 5/6*y**3 + 1/8*y**4. Determine q(5).
-5
Let t(f) = f**3 - 2*f**2 - 3*f - 1. Let y(v) = -v + 46. Let o be y(47). Give t(o).
-1
Suppose -8*w + 88 = -0*w. Let g(v) = 0*v + 8 - w + v. Let u(s) = -s + 9. Let r be u(9). Give g(r).
-3
Let o = 2085 - 2087. Let w(f) = f**3 + f**2 - 3. What is w(o)?
-7
Suppose w + 3*p = 16, 41 - 32 = 3*p. Let d(m) be the second derivative of 0 - 1/12*m**4 - 2/3*m**3 + w*m - m**2. Give d(-3).
1
Suppose -3*g + 5*w - 14 + 35 = 0, 2*w = g - 8. Let i(q) = -q**3 + 5*q**2 - 7*q + 10. Determine i(g).
8
Let o = 79 - 76. Suppose o*l - 42 + 54 = 0. Let v(k) be the second derivative of -k**5/20 - 5*k**4/12 - 2*k**3/3 + k**2/2 + k. Calculate v(l).
1
Let o(c) = 10*c - 11*c + 0*c + 4 - 6*c. Let u(v) = 3*v. Let d(s) = o(s) + 2*u(s). Determine d(3).
1
Suppose -17*d - 180 = -80*d + 3*d. Let b(g) = 5*g + 6. What is b(d)?
21
Suppose 8*j - 2025 = -6249. Let s be ((-96)/j)/(2/22). Let p(o) = -3 + 0 + 2 - 2*o. Calculate p(s).
-5
Let g(k) = 2*k**3 - 4*k**2 - 72*k + 27. Let r be g(7). Let b(t) = 2*t**2 - 42*t + 206. Give b(r).
-2
Let f(y) be the second derivative of -y**5/60 + y**4/6 - y**3/6 + 154*y**2 - 136*y. Let m(a) be the first derivative of f(a). Calculate m(1).
2
Let i(m) = -m**2 + 5*m. Let f be i(4). Suppose -f*b + 2*a = -8, 5*b - 23 = -a + 1. Let k(p) = 5720596*p + 1 - 5720597*p + 1. Calculate k(b).
-2
Let a = 96 + -48. Let f(x) = -4 + 7 + a*x - 49*x + 3. Calculate f(-7).
13
Let g(j) = 3*j + 3. Suppose -31*q = -39*q. Let z(d) = d**2 - 6*d + 9. Let f be z(6). Suppose q = -k - 11 + f. What is g(k)?
-3
Let o(b) = b**3 + 7*b**2 + 7*b - 5. Suppose -2*x + l - 156 = 2*x, -3*x + l = 118. Let h be (171/x)/(6/(-40)). Suppose h = -10*r + 5*r. Determine o(r).
-11
Let j(y) = y**2 - 6*y - 9. Let f be (3 - -2)*(-2)/(-5) + 0. Let t(l) = 4*l + 3*l - 6*l**2 + 3*l**3 + 3*l**f - 9*l. Let u be t(2). Determine j(u).
7
Let x(t) = -190*t + 47. Let k(d) = 39*d - 10. Let s(v) = -14*k(v) - 3*x(v). Let f be (4/6)/((-28)/42). Calculate s(f).
-25
Let z(m) = 7*m**2. Suppose 5*u = w + 19, 5*w + 3*u = 2*u + 35. Suppose w*n + 6 = 24. Suppose -7 + 10 = -n*v. Determine z(v).
7
Let p(l) = l**3 + 4*l**2 - 6*l - 18. Let s be (-15)/(-6) + (-66)/12. Give p(s).
9
Let i(x) = -3*x - 3. Let t(d) = -3*d - 4. Let q(w) = -3*i(w) + 2*t(w). Let z = 133 + -236. Let m = z - -99. Give q(m).
-11
Let f(n) = -n**3 + 16*n**2 + 16*n + 5. Let p be f(17). Let u = 14 - p. Let g = u + -20. Let i(o) = o**3 - 7*o**2 + 6*o - 1. Determine i(g).
-1
Let f(r) = -5*r**2 + 13*r - 139. Let c(x) = -9*x**2 + 25*x - 262. Let h(k) = 6*c(k) - 11*f(k). Determine h(-10).
-13
Let b(r) = 2*r**2 - 10*r - 13. Let z(f) = f**2 - 1. Suppose -2*c - 19 = -5*n, 0 = n - 2*c - c - 9. Let v(o) = n*z(o) - b(o). Give v(-9).
1
Let g(s) be the second derivative of -s**3/2 - 7*s**2/2 + 2302*s. Give g(-14).
35
Let j(l) = 2 - 293*l + 72*l + 74*l + 139*l. Let q(n) = 4*n - 1. Suppose 0*f = -5*f + 30. Let s(b) = f*j(b) + 11*q(b). Give s(4).
-15
Let d(n) = -n - 1. Let f = -665 - -990. Let b = -318 + f. Calculate d(b).
-8
Let l(f) = -21*f + 58. Let d be (4/(-4 + 3))/((-32)/24). Give l(d).
-5
Let w be 4 + (-126)/33 - 150/(-22). Suppose -20*o = -w + 227. Let s(a) = -a**3 - 11*a**2 + 12. Calculate s(o).
12
Let b(u) = -u**3 - 6*u**2 + 7*u + 13. Suppose 3*d - c + 67 = 44, -25 = -5*c. Calculate b(d).
-29
Let j(g) = 7*g**3 + 6*g + 6. Suppose -2*u + 4 = -0. Suppose u*r = -4*r + 66. Let w(f) = 13*f**3 + 11*f + 11. Let l(m) = r*j(m) - 6*w(m). Determine l(2).
-8
Let p(f) be the third derivative of 3*f**4/4 - 13*f**3/6 - 7*f**2 + 453*f - 2. Calculate p(8).
131
Suppose -29*p + 6*p + 69 = 0. Let b be (-60)/p*(-6)/(-24)*-2. Let f(h) = -h**2 + 10*h - 3. Determine f(b).
-3
Suppose 3*v + 3*i = -2*v - 83, 4*v + 60 = 4*i. Let g = v - -17. Let c(s) = 0 - 4 - s + 7 - g. Calculate c(3).
-1
Let g be 9*4 + -5 + 6 + -1. Let f(n) = -106 - 3*n + 25 + 36 + g. Determine f(7).
-30
Let l = -296 - -297. Let h(x) = -x**2 - 3 - l + 3 - 1 + 10*x. What is h(9)?
7
Let n(h) = 30 + 37 + 3*h - 56. Let q = 56 - 61. Let t(b) = b + 5. Let y(j) = q*t(j) + 2*n(j). Calculate y(2).
-1
Let x(r) be the second derivative of r**3/6 + 37*r**2/2 - 68*r + 7. Determine x(0).
37
Let o be 102/(-1734) - 103/(-17). Let z(a) = -a**3 + 7*a**2 - 2*a - 3. What is z(o)?
21
Let d = -9 - -17. Let r(q) = -6*q + 40. Let o(b) = 76*b - 516. Let i(y) = o(y) + 13*r(y). Determine i(d).
-12
Let k = -1250 - -1244. Let y(j) = -j**3 - 4*j**2 - 2*j. Calculate y(k).
84
Let c(u) = 5*u + 78. Suppose -107*w + 18*w - 2148 = -813. What is c(w)?
3
Let w(c) = -c**3 + 6*c**2 + 8*c + 6. Suppose 5*m = 4*d - 3*d - 2413, 485 = -m + d. Let q = 489 + m. What is w(q)?
13
Let a(g) = -3*g**2 + 9*g - 10. Let i(w) = 58*w + 179. Let m be i(-3). Give a(m).
-40
Suppose -g = -7 + 8. Let l be (104 + 1)*52/156. Let a(y) = l + 5*y - 12 - 24. Determine a(g).
-6
Let t(h) = h**2 + 10*h - 1. Suppose -33*o - 354 - 61 = -85. Calculate t(o).
-1
Let k be -2*((-4)/8 - 3). Suppose -k*d = d - 384. Let b = -42 + d. Let f(i) = i**3 - 7*i**2 + 5*i + 7. Calculate f(b).
1
Suppose 9*c - 4*c - 15 = 0. Suppose 0 = -c*y + 8 - 26. Let d(n) = -n**2 - 3*n + 8. Calculate d(y).
-10
Let i(b) = 3*b**2 - b - 4. Let l(y) = -4*y**2 + 3. Let w(j) = -3*i(j) - 2*l(j). Suppose -3*t - 2*k = 2*t + 4, -k - 2 = 0. Suppose 3*x + x - 20 = t. Give w(x).
-4
Let p(z) be the third derivative of -1/60*z**5 - 3*z**2 + 1/24*z**4 + 1/3*z**3 + 5 + 0*z. Suppose 0 = -s + 5*q - 11, 3*s - 17 = -5*q + 10. Give p(s).
-10
Let g(d) be the third derivative of 0*d + 1/24*d**4 - 22*d**2 + 2/3*d**3 + 0. Suppose -2*w = -3*l - 17, 1 = -2*l - w - 1. What is g(l)?
1
Let o(l) = l**2 + 3*l. Let w = 650 + -650. Suppose 0 = v - w*v + 10*v. What is o(v)?
0
Let d(l) be the second derivative of -l**4/2 - 3*l**3/2 + 2*l**2 - 4*l. Let q(c) = c**2 + c - 1. Let v(r) = -d(r) - 5*q(r). Let k = 75 + -80. Give v(k).
6
Let f(y) = y**3 - 2*y**2 - y - 3. Let l be f(3). Let a(x) = -x**l + 0 - 3*x**2 + 0*x**3 - 22*x + 26*x + 6 + 0*x**2. Give a(-4).
6
Let w(l) be the first derivative of 23*l**3/3 - l**2/2 + 165152. Let b be 0 - (2/2 + 0). What is w(b)?
24
Let y(d) = -5*d**2 - 8*d + 5. Let n = -666 - -674. Let v(x) = 3*x**2 + 5*x - 3. Let l(c) = n*v(c) + 5*y(c). Give l(3).
-8
Let b(i) be the third derivative of i**5/60 - 7*i**4/24 + 5*i**3/3 - 13*i**2. Let d be (168/(-48))/((-2)/4). What is b(d)?
10
Let y be 296/8*(0 + (-4 - -3)). Let r = y - -100. Let j(i) = 51*i**2 - 4*i + 3*i + 0*i - r*i**2 + i**3 + 16. Determine j(12).
4
Let o(h) be the third derivative of 5*h**4/6 + 53*h**3/6 + 84*h**2 + 11*h. What is o(-3)?
-7
Let c(m) = 2*m**2 + 12*m + 26. Suppose 4*r - 4*u + 8 = 0, -64*r + 61*r = 2*u + 26. Determine c(r).
26
Let g(j) = -2*j - 15. Let t(m) = -3*m - 13 + 2*m - 6 + 0*m. Let k be t(-10). Let a be g(k). Let z(q) = q**2 - 2. Give z(a).
7
Suppose -c - 15 = 4*q, 469*c = 469*c - 4*q. Let j(s) = -s**2 - 18*s - 30. Give j(c).
15
Let l = -98 + 101. Let r(d) = -2 - 2 - l*d + d**2 + d**2 + 2*d**2. What is r(3)?
23
Let x(z) = -z**2 - 21*z - 21. Let h(r) = -16*r**3 + 125*r**2 + 27*r - 44. Let u be h(8). What is x(u)?
-1
Suppose 37*l = -138*l + 80*l - 380. Let s(f) be the first derivative of -1/3*f**3 + 1 + 4*f - 1/2*f**2. Give s(l).
-8
Let l(v) = -v**3 + 23*v**2 - 21*v - 25. Suppose -9*w = -o - 201, 0 = 2*w + o - 3*o - 50. Give l(w).
-3
Let t be 2/(-3) + (-14)/6. Let o(j) = -9*j + 24. Let a be o(1). Let p(l) = a*l - 6 + 2 + 3*l**2 - 10*l + 6. Calculate p(t).
14
Let v(h) = -4*h + 8. Suppose -2*k = -3*r - 31, -4*k - 2*r = r - 17. Suppose 3*p - 27 = -3*d, -k - 1 = -3*p. Calculate v(d).
-16
Let f(a) be the first derivative of 38 + a + 1/2*a**2. Give f(6).
7
Let c be (2/1 - -2) + -4. Suppose -13*k + c = -26. Let l(i